 -24?
2, 7
Suppose i - 25 = u, i + 109 = 6*i - u. List the prime factors of i.
3, 7
Let y = -14 + 29. Suppose 3*f - 39 = y. List the prime factors of f.
2, 3
Suppose -5*v - 4*h = -1680, 4*v - 8*h - 1308 = -4*h. List the prime factors of v.
2, 83
Suppose 4*r - 169 = -5*j, -5*j = -r + 3*r - 167. What are the prime factors of j?
3, 11
Suppose -4*v = -41 - 15. Suppose v = 3*y - 40. List the prime factors of y.
2, 3
Let d be 4/18 - 129/(-27). Suppose 4 = -3*l + d*l. List the prime factors of l.
2
Suppose 0 = -5*r + 115 - 0. Suppose -4*c = r + 17. What are the prime factors of (-64)/c + 2/(-5)?
2, 3
Let u(v) = v**2 - 9*v - 16. Let t be u(11). Suppose -42 = 3*g - t*g. List the prime factors of g.
2, 7
Let l = -7 - -10. Let h = 13 + l. What are the prime factors of h?
2
Let u(g) = 2*g**3 - 17*g**2 - 8*g + 2. What are the prime factors of u(9)?
11
Suppose 0*v + 3*v - 3*p = 0, 4*v - 3*p = 2. Suppose 0 = -4*k - v*j + j + 173, -4*k + 143 = -5*j. List the prime factors of (k/18)/(2/12).
2, 7
Suppose 0 = 2*p + 5*a - 2 - 1, 3*p = 4*a + 16. Let i(y) = 4*y - 23. Let w be i(7). Suppose -w*j + p*j + 4 = 0. What are the prime factors of j?
2
Let t(c) = 4*c - 5. Let h be t(2). Suppose -45 = -h*l - 0*l. What are the prime factors of l?
3, 5
What are the prime factors of (48/6)/(5/25)?
2, 5
Let s(c) be the third derivative of c**6/120 - c**5/20 - c**4/4 - 5*c**3/6 - 7*c**2. Let z = -3 - -8. List the prime factors of s(z).
3, 5
Let l(u) = 95*u**3 + u**2 - 2*u + 1. List the prime factors of l(1).
5, 19
Let f be (-4)/14 + (-10)/(-35). Suppose 0*g - 2*g - 4 = 0. What are the prime factors of g*(f + -4) - -2?
2, 5
Suppose -2*i + 5*i - 9 = 0. Suppose -18 = -m - k + 24, i*k = -5*m + 212. List the prime factors of m.
43
Let u(t) = -t**2. Let d(z) = -z - 6. Let r(i) = -d(i) - u(i). List the prime factors of r(0).
2, 3
Suppose -2*k + b + 14 = 0, -4*k + 4*b = -0*k - 36. Suppose v - 56 = -5*i, k*i - 4*i - 184 = -5*v. Let u = -15 + v. What are the prime factors of u?
3, 7
Let k(l) = l**3 - 5*l**2 - l + 2. Let d be k(6). Suppose -5*m + d = 4*v, 0*v + m = 3*v - 24. What are the prime factors of (14/v)/((-1)/(-4))?
7
Let b(w) = -5*w**3 - 11*w**2 + w + 9. Let v(a) = 2*a**3 + 5*a**2 - 4. Let m(t) = -3*b(t) - 7*v(t). List the prime factors of m(4).
3, 7
Let c(p) = -7*p + 1. Suppose -b = -2 + 3. Let q be c(b). Let f(s) = -s + 19. What are the prime factors of f(q)?
11
Let q(o) = 2*o**2 - o + 1. Let u be q(1). Suppose -p - 17 = -2*p + 3*y, 0 = 5*p + u*y - 34. Let f = 14 - p. List the prime factors of f.
2, 3
Let d(r) be the third derivative of r**6/120 - r**4/6 + r**3/3 - 4*r**2. What are the prime factors of d(3)?
17
Let t(z) = -z + 1. Let x(f) = f**2 + 5*f + 3. Let k(a) = -4*t(a) - x(a). Let r be k(0). Let b(q) = -q**2 - 7*q + 4. What are the prime factors of b(r)?
2
Let m(q) = q**3 + 17*q**2 + 9*q + 23. What are the prime factors of m(-16)?
3, 5
Let m = 117 - 82. What are the prime factors of m?
5, 7
Let s = -23 - -26. Suppose s*w + 17 = 4*w. What are the prime factors of w?
17
Suppose -5*y + z + 2*z - 65 = 0, 0 = 5*z - 25. Let m be 24/20*y/3. What are the prime factors of ((-8)/(-5))/(m/(-40))?
2
Let i = 0 + 5. Suppose 0 = 5*a - 4*a + 4*k - 18, i*k = -5*a + 45. Let y = a - -5. List the prime factors of y.
11
Suppose -3*h + 5*r + 279 = 0, 2*h + 0*r = 3*r + 186. What are the prime factors of h?
3, 31
Suppose 32 + 40 = 12*u. List the prime factors of u.
2, 3
Suppose -k = -4*n - 243 + 807, 2*n - 2*k - 282 = 0. List the prime factors of n.
3, 47
Let d(y) = -y**3 - 6*y**2 + 2*y - 9. Let s = -5 + -2. List the prime factors of d(s).
2, 13
Let x be (5/(10/(-12)))/(-1). Let c be (-5)/(10/x) + 5. Suppose -c*f - 16 = -2*i, 12 = 6*f - 3*f. What are the prime factors of i?
2, 3
Let k(m) = -m + 8. Let p be k(6). What are the prime factors of 549/15 - p/(-5)?
37
Let a be (-15)/(-5)*2/2. Suppose -7 = -4*h + 1. Suppose 2*y - y - h = -f, -a = y. What are the prime factors of f?
5
Let j(v) = 19*v + 10. List the prime factors of j(4).
2, 43
Let s(j) = -j**3 - 6*j**2 - 4*j + 7. List the prime factors of s(-5).
2
Let s be (-546)/(-15) + 15/25. Let b = s - 9. What are the prime factors of b?
2, 7
Let z = -67 + 108. List the prime factors of z.
41
Suppose 0 = d + g - 73, 7*d = 2*d - 2*g + 356. Let y = -12 + d. Suppose -5*s + y = 2*i - s, -5 = -s. What are the prime factors of i?
19
Suppose 5*x = 4*n + 369 + 216, 3*n - 324 = -3*x. List the prime factors of x.
113
Let v(j) = -18*j + 17. List the prime factors of v(-5).
107
Let r = 10 - 7. Suppose 5*j - 3*m = 27, -2*j + 3*j = 4*m + 2. Suppose -j*o + 2*o - 4 = 0, -r*c = -o - 19. List the prime factors of c.
2, 3
Suppose 5*s = 3*s + 6. Suppose 5*v + 4*i - 90 = 0, s*i - 1 = 14. List the prime factors of v.
2, 7
Suppose 5*x - 5*y - 322 = -7*y, 2*x - 116 = -4*y. List the prime factors of x.
2, 3, 11
Let q(n) = 4*n + 36. List the prime factors of q(16).
2, 5
Let s(c) = c**3 - 10*c**2 - 6*c - 3. What are the prime factors of s(11)?
2, 13
Let v be (-1)/(-2 - (-81)/39). Let m be (v/(-3))/((-4)/(-24)). Suppose 0 = 3*d - o - 7, -d = -5*d - 2*o + m. List the prime factors of d.
2
Let i = -21 + 44. Suppose 0 = 4*x - 4*j - 21 - i, -j - 47 = -4*x. Suppose -p = 3, -2*c = -0*c + 2*p - x. What are the prime factors of c?
3
Let l be (4 - 1)*(-10)/(-6). Suppose l*v - 3*v = 14. List the prime factors of v.
7
Let z(g) = g**3 - 3*g**2 - 3*g + 4. Let n(h) = -2*h. Let w be n(-2). What are the prime factors of z(w)?
2
Suppose 9*k = 4*k. Suppose -4*y + q + 24 = k, -3*y + 4*y - 4*q = 21. What are the prime factors of y?
5
Suppose 5*u + 4*p + 12 = 0, -4*u + p + 8 - 26 = 0. Let o = -3 - u. What are the prime factors of (4/(-10))/(o/(-15))?
2, 3
Let d be 3 + (-2 - 1) + 5. Suppose -3*j - 68 = -d*j. List the prime factors of j.
2, 17
Let b = -21 + 58. What are the prime factors of b?
37
Suppose -4*d - 24 = g, -d = -4*g + d - 24. Let p be 1*(2 + -2 + 13). Let s = g + p. List the prime factors of s.
5
Let t = -2 - -1. Let g = t - -2. List the prime factors of 13/g + (0 - 1).
2, 3
Suppose 0 = -5*d, o + d = -o + 94. List the prime factors of o.
47
Suppose 4*c = 27 + 13. Suppose 2 = 4*t - c. List the prime factors of t.
3
Let l = 14 - 4. What are the prime factors of l?
2, 5
Suppose 0 = 3*u - 3, -7*h - 5*u + 45 = -3*h. Let n = -3 + 6. Suppose n*r = 4*r - h. List the prime factors of r.
2, 5
Suppose 3 = -5*p + 3*z - 4*z, 0 = -z - 3. Suppose 4*x - 130 - 66 = p. What are the prime factors of x?
7
What are the prime factors of ((1 - -2) + -43)*-1?
2, 5
Suppose -n = 1 - 15. Suppose -2*s + 20 = -n. What are the prime factors of s?
17
Let q(v) be the first derivative of v**3/3 - v**2/2 + 4*v - 1. List the prime factors of q(4).
2
Suppose 4*a - 4*u = 364, -2*a - 3*a + 455 = -u. What are the prime factors of a?
7, 13
List the prime factors of ((-28)/(-6))/((-2)/(-18)).
2, 3, 7
Let o(q) = 4*q**3 - q. Let w be o(1). Suppose r = y - 1, -2*r - w*r + 2*y + 10 = 0. Suppose 0*c = -r*c + 20. What are the prime factors of c?
5
Suppose 0 = -d + 6*d - 385. What are the prime factors of d?
7, 11
Suppose -8*l = -9*l + 14. What are the prime factors of l?
2, 7
Let k = 1 - 0. Suppose -k = -y + 5. What are the prime factors of 62/6 + (-2)/y?
2, 5
Let o be (3 - 2)/(2/4). Let v = 4 + o. List the prime factors of v.
2, 3
Let y(v) = 3*v**3 + v**2 - 2*v + 1. Let m = -4 - -5. Let z be y(m). Suppose n - 28 = -z*n. What are the prime factors of n?
7
Suppose -8 = -2*u - p, -2*p + 5*p = -2*u + 16. Suppose 0*f + u = f. What are the prime factors of f/(-5) - (-372)/30?
2, 3
Let a = 21 - 17. Let x(w) = -w + 4*w - 4*w + 9. List the prime factors of x(a).
5
Suppose g + 112 = 3*r, -g + 154 = 4*r - 0*g. What are the prime factors of r?
2, 19
Let x be 1/(-3) + 28/(-6). Let c(l) = l**3 + 6*l**2 + 6*l + 6. Let b be c(-5). List the prime factors of 5/x + b*4.
3
Suppose -s = -5*k + 1978, k + 5*s - 255 = 125. What are the prime factors of k?
5, 79
Suppose -44 = -2*k + 24. What are the prime factors of k?
2, 17
Suppose 9 + 3 = 4*c. Let k be (-20)/6*c/(-2). Suppose 3*z - h = 22, -z + 4*z + k*h = 52. List the prime factors of z.
3
Suppose 4*u - 3*o = 0, -2*o + 6 = -2*u + o. Suppose -u*k - k + 16 = 0. What are the prime factors of k?
2
Let g = 2 + 1. Let x = 4 + g. List the prime factors of x.
7
Let z(x) = 3*x**2 - 9*x - 11. What are the prime